vided by k.
1
Suppose 0 = c + 5*k + 4, -c + 2*k + 3*k = -46. What is the remainder when c is divided by 8?
5
Suppose 0*l = -4*l + 132. Let z(y) = 9*y**2 + 2*y - 2. Calculate the remainder when l is divided by z(1).
6
Suppose -8 = -2*t, 5*p - 5*t - 62 + 7 = 0. Calculate the remainder when p is divided by 8.
7
Suppose -5*k + c - 34 = -164, 0 = 3*k - 5*c - 78. What is the remainder when k is divided by 14?
12
Let g(j) = 3*j - 7. Let p = 0 + 6. Calculate the remainder when g(p) is divided by 2/(-3)*(-2 + -4).
3
What is the remainder when 38 is divided by (30/(-9))/(3/(-9))?
8
Suppose -c + 2 = -3. Let p(w) = -w**3 + 4*w**2 + 7*w - 4. What is the remainder when p(c) is divided by 2?
0
Let y = -60 - -87. Calculate the remainder when 51 is divided by y.
24
Suppose -5*m = -23 + 3. Suppose 0 = 4*k - 26 - 18. Calculate the remainder when 36/(m/2) + 2 is divided by k.
9
Let t = -24 - -28. Calculate the remainder when t is divided by 3.
1
Suppose -3*x + 99 = -h, -18 - 13 = -x + h. What is the remainder when 134 is divided by x?
32
Let g(h) = 2*h**2 - 4*h - 4. Let p be g(4). Suppose 0*b = q + 3*b - p, -2*b + 8 = -2*q. Let d(n) = n + 10. Calculate the remainder when 19 is divided by d(q).
9
Suppose 3*d = 4*b - 141, 0 = -5*b - 0*d + d + 179. Suppose -5*v = -y - b, 3*v + 2*y - 36 = -y. What is the remainder when 31 is divided by v?
7
Let s(j) = 9*j**2 + j. What is the remainder when (-12)/(-2)*(-10)/(-4) is divided by s(-1)?
7
Let n(y) = y**2 - 2*y + 23. Calculate the remainder when n(12) is divided by 48.
47
Let j(b) = 3*b - 10. Let z(h) = -4*h + 10. Let a(l) = -5*j(l) - 4*z(l). Calculate the remainder when a(-7) is divided by 2.
1
Let u(c) = -c**2 - 5*c + 4. Let x be u(-6). Calculate the remainder when (-1)/((x/2)/17) is divided by 6.
5
Suppose 2*n - 7 - 5 = 0. Let o be (-2)/n*0 - -4. What is the remainder when o - -12 - 1/(-1) is divided by 6?
5
Let r = 43 + -16. What is the remainder when r is divided by 14 - 0 - 0/(-4)?
13
Suppose 35 = n - 2*f, -5*n + 175 = -f - 2*f. Let b(o) = 12*o**3 - o**2 + o. Let y = -3 + 4. What is the remainder when n is divided by b(y)?
11
Let d(j) = -j**3 - j**2 + 4*j + 5. Let w be d(-2). Let q(h) = 13*h - 1. Calculate the remainder when 45 is divided by q(w).
9
Suppose -2*n = -29 - 13. Calculate the remainder when n is divided by 8.
5
Suppose 0*x = -5*x. Let p = 15 - x. Let h = -7 + 16. What is the remainder when p is divided by h?
6
Suppose -s = -a - 1, 3*s - 17 = -2*a - 2*a. Let r(j) = -j**3 + 5*j**2 + 3. Let l be r(5). Let f = l + 0. What is the remainder when f is divided by a?
1
Let m be 8/(-12) + (-128)/6. Let a = -12 - m. Calculate the remainder when 39 is divided by a.
9
Let n = -92 - -96. Let p(v) be the first derivative of v**3/3 - v**2 + 4*v - 2. Calculate the remainder when p(3) is divided by n.
3
Suppose 5*p - 5*c - 75 = 0, 0 = 17*p - 15*p - 5*c - 21. Calculate the remainder when 88 is divided by p.
16
Suppose 5*n - 5*b - 991 = 399, -4*n + 1132 = b. Calculate the remainder when n is divided by 15.
12
Suppose 2*b = 9*b - 602. What is the remainder when b is divided by 22?
20
Suppose h + 2*h = 12. Suppose 0*w = -b + 2*w + 40, -h*b + 172 = 4*w. Calculate the remainder when b is divided by 11.
9
Suppose -2*i + f + 16 = 0, -3*f - 43 = -5*i - 2*f. Let t = i - 6. Suppose -t*b = 5*v - 71, 55 = 3*v + 2*v - 5*b. What is the remainder when 25 is divided by v?
12
Suppose t + 560 = 6*t. Suppose -h + 68 = j + 2*j, h = -5*j + t. Calculate the remainder when j is divided by 12.
10
What is the remainder when 44 is divided by (-4)/(-2 + 0) + 10?
8
Suppose h = 2*h - 4. Suppose 23 = 3*t - 2*t. Suppose -5*i + 2*l = -t, l = -2*l - 12. What is the remainder when h is divided by i?
1
Let v(d) = -d**3 - 2*d**2 - d + 1. Let g = 46 + -31. Suppose o - g = 6*o. Calculate the remainder when v(o) is divided by 5.
3
Suppose w + v - 14 = -4*v, 5*w - 98 = 3*v. Calculate the remainder when 72 is divided by w.
15
Suppose -z - 3*z = -48. Let q(i) = -i**3 + 7*i**2 - 6*i. Let h be q(6). Suppose h = 5*c - 3*c - 44. What is the remainder when c is divided by z?
10
Suppose 21 + 29 = -5*c. Let b = c - -16. Calculate the remainder when 16 is divided by b.
4
Suppose 5*m = -3*o - 19, 2*o + 0*o + m = -1. Let u be 1/((-1)/(1 + -2)). Suppose -s - u = -o*s. Calculate the remainder when 2 is divided by s.
0
Let o(q) = q**3 + 2*q**2 - 5*q - 2. Let h be o(-3). Suppose -h*w + 183 = -w. What is the remainder when w is divided by 21?
19
Let t = 9 - -24. What is the remainder when 97 is divided by t?
31
Suppose f - 58 = -f. Calculate the remainder when f is divided by 16.
13
Let b = 13 - 8. What is the remainder when 14 + -1 + 5 + -6 is divided by b?
2
Suppose -2 = -2*o, 3*o = -3*u + u + 7. Suppose -5*v - 10 = 0, 0*y + 3*y - u*v = 73. What is the remainder when 44 is divided by y?
21
Let a(f) be the third derivative of -f**5/60 - 3*f**4/8 - 2*f**3/3 + 2*f**2. Let y be a(-8). Suppose 18 - y = k. Calculate the remainder when k is divided by 5.
4
Suppose -2*z = -0*z - 8. Suppose 7 = 5*y - 8. Calculate the remainder when z is divided by y.
1
Calculate the remainder when 159 is divided by ((-2)/3)/(-2) + (-119)/(-3).
39
Let m = 2 + -2. What is the remainder when 18 is divided by 12 - 2/1 - m?
8
Suppose -120 = -5*f + 90. Calculate the remainder when 207 is divided by f.
39
Suppose 4*s - 4*t = 56, -2*t = 5*s - 45 - 60. Calculate the remainder when 108 is divided by s.
13
What is the remainder when 32 is divided by (-1)/(54/11 + -5)?
10
Let w(m) = m**2 - 3*m + 3 + 0*m - 2*m. Let r be w(4). Let j = r - -5. Calculate the remainder when 7 is divided by j.
3
Let z = 5 - 1. Let u = 6 + z. Suppose u + 74 = 3*r. Calculate the remainder when r is divided by 15.
13
Suppose -5*q + 8 = s, -s - 2*q + 0*q = -14. Calculate the remainder when 13 is divided by s/(-3)*2/(-3).
1
Suppose 0 = 3*s - 12, 4*s - 27 = -5*h + 39. Calculate the remainder when (-2 + 3 - -38) + 0 is divided by h.
9
Let f(w) = -2*w - 2. What is the remainder when 15 is divided by f(-3)?
3
Suppose -5*l + u = -32, -2*l + 34 = 2*l + 2*u. Let d = 5 - 3. Suppose -v = -d*v + 13. What is the remainder when v is divided by l?
6
Suppose -3*v + 148 = 2*c, -5*c + 5*v + 215 = -205. Calculate the remainder when c is divided by 21.
17
Suppose 3*t - 8*t + 475 = 0. Suppose -3*j + 4*a = -7*j + 80, a = -4*j + t. Calculate the remainder when j is divided by 9.
7
Let s(p) = p**3 - 18*p**2 + 15*p + 25. Let j be s(17). Calculate the remainder when 34 is divided by (j/(-4))/((-5)/(-40)).
16
Let i be 5*-4*(-13 - -3). Let n = i - 363. Calculate the remainder when n/(-4) + 3/12 is divided by 14.
13
Suppose -56 - 99 = -5*k. What is the remainder when 90 is divided by k?
28
Suppose 2*a - 43 = -4*l + a, 19 = 2*l + a. What is the remainder when 23 is divided by l?
11
Suppose 0 = y - 3, 0 = -7*j + 2*j - 2*y + 126. What is the remainder when j is divided by 9?
6
Let c be -3*(-3)/9*2. Suppose c*d + 25 = 3*d. What is the remainder when d is divided by 7?
4
Let l(k) = k**3 + 4*k**2 - 4*k + 2. Suppose -4*f = -0*x - 4*x - 40, -3*f + 4*x + 30 = 0. Calculate the remainder when l(-4) is divided by f.
8
Suppose j - 2*j - 3*k = -145, -4*j = k - 602. What is the remainder when j is divided by 31?
27
Suppose 3*b + 1 - 7 = 0, 4*b = 5*n - 17. Let p = 8 + n. Suppose -15 = -3*t + 6. Calculate the remainder when p is divided by t.
6
Let a = -60 + 190. Suppose -3*l - 16 = -1, -a = -s + 4*l. Suppose 4*i + i = s. What is the remainder when i is divided by 8?
6
Suppose 0 = y - 4. Suppose 0 = 5*o - 5*q - 75, -3*o - 24 = -5*o - 4*q. Calculate the remainder when 10/3*y*3 is divided by o.
12
Let m(q) = -q**3 + q**2 + 3. Let s be m(0). Suppose s*k + 22 + 11 = 0. Let l = 19 + k. Calculate the remainder when 22 is divided by l.
6
Suppose -5*z + 150 + 115 = 0. What is the remainder when z is divided by 18?
17
Suppose -4*v = 5*p - 16 - 77, 42 = 2*v + 4*p. Calculate the remainder when v is divided by 6.
3
Suppose -f + 0*p + 16 = p, 2*p = 10. Let z(w) = w**2 + 7*w - 4. Let l be z(6). Let t = l + -42. What is the remainder when t is divided by f?
10
Suppose 0 = 9*o + 2*o - 693. What is the remainder when o is divided by 22?
19
Let s(j) = 6*j**2 + 5*j + 8. Calculate the remainder when s(-3) is divided by 17.
13
Let f(y) = y**2 - 3*y + 18. What is the remainder when f(8) is divided by 1